{"id":8571,"date":"2016-10-10T15:47:28","date_gmt":"2016-10-10T14:47:28","guid":{"rendered":"http:\/\/sp.jaworzyna.net\/?page_id=8571"},"modified":"2017-04-07T10:07:48","modified_gmt":"2017-04-07T09:07:48","slug":"dni-wolne","status":"publish","type":"page","link":"http:\/\/sp.jaworzyna.net\/?page_id=8571","title":{"rendered":"Dni wolne"},"content":{"rendered":"<p><span style=\"text-decoration: underline;\">Dni wolne od zaj\u0119\u0107 dydaktycznych i opieku\u0144czych:<\/span><\/p>\n<p>1.11.2016r. &#8211; Wszystkich \u015awi\u0119tych<\/p>\n<p>11.11.2016r. &#8211; \u015awi\u0119to Niepodleg\u0142o\u015bci<\/p>\n<p>23.12.2016r. \u00a0&#8211; 1.01.2017r. &#8211; Ferie \u015awi\u0105teczne<\/p>\n<p>6.01.2017r. &#8211; \u00a0\u015awi\u0119to Trzech Kr\u00f3li<\/p>\n<p>13.02.2017r. &#8211; 26.02.2017r. &#8211; Ferie zimowe<\/p>\n<p>13.04.2017r. &#8211; 18.04.2017r. &#8211; Ferie \u015awi\u0105teczne<\/p>\n<p>1.05.2017r. &#8211; \u015awi\u0119to Pracy<\/p>\n<p>3.05.2017r. &#8211; \u015awi\u0119to Konstytucji 3 Maja<\/p>\n<p>15.06.2017r. &#8211; Bo\u017ce Cia\u0142o<\/p>\n<p><span style=\"text-decoration: underline;\">Dni wolne od zaj\u0119\u0107 dydaktycznych (w tych dniach zapewniona jest w szkole opieka):<\/span><\/p>\n<p>14.10.2016r.<\/p>\n<p>31.10. 2016r.<\/p>\n<p>02.01.2017r.<\/p>\n<p>2.05.2017r.<\/p>\n<p>&nbsp;<\/p>\n<p>&nbsp;<\/p>\n<p>&nbsp;<\/p>\n<p>&nbsp;<\/p>\n<p>&nbsp;<\/p>\n","protected":false},"excerpt":{"rendered":"<p>Dni wolne od zaj\u0119\u0107 dydaktycznych i opieku\u0144czych: 1.11.2016r. &#8211; Wszystkich \u015awi\u0119tych 11.11.2016r. &#8211; \u015awi\u0119to Niepodleg\u0142o\u015bci 23.12.2016r. \u00a0&#8211; 1.01.2017r. &#8211; Ferie \u015awi\u0105teczne 6.01.2017r. &#8211; \u00a0\u015awi\u0119to Trzech Kr\u00f3li 13.02.2017r. &#8211; 26.02.2017r. &#8211; Ferie zimowe 13.04.2017r. &#8211; 18.04.2017r. &#8211; Ferie \u015awi\u0105teczne 1.05.2017r. &#8211; \u015awi\u0119to Pracy 3.05.2017r. &#8211; \u015awi\u0119to Konstytucji 3 Maja 15.06.2017r. &#8211; Bo\u017ce Cia\u0142o Dni wolne od [&hellip;]<\/p>\n","protected":false},"author":2,"featured_media":0,"parent":0,"menu_order":0,"comment_status":"closed","ping_status":"closed","template":"","meta":{"footnotes":""},"class_list":["post-8571","page","type-page","status-publish","hentry","gallery-content-unit"],"_links":{"self":[{"href":"http:\/\/sp.jaworzyna.net\/index.php?rest_route=\/wp\/v2\/pages\/8571","targetHints":{"allow":["GET"]}}],"collection":[{"href":"http:\/\/sp.jaworzyna.net\/index.php?rest_route=\/wp\/v2\/pages"}],"about":[{"href":"http:\/\/sp.jaworzyna.net\/index.php?rest_route=\/wp\/v2\/types\/page"}],"author":[{"embeddable":true,"href":"http:\/\/sp.jaworzyna.net\/index.php?rest_route=\/wp\/v2\/users\/2"}],"replies":[{"embeddable":true,"href":"http:\/\/sp.jaworzyna.net\/index.php?rest_route=%2Fwp%2Fv2%2Fcomments&post=8571"}],"version-history":[{"count":4,"href":"http:\/\/sp.jaworzyna.net\/index.php?rest_route=\/wp\/v2\/pages\/8571\/revisions"}],"predecessor-version":[{"id":9341,"href":"http:\/\/sp.jaworzyna.net\/index.php?rest_route=\/wp\/v2\/pages\/8571\/revisions\/9341"}],"wp:attachment":[{"href":"http:\/\/sp.jaworzyna.net\/index.php?rest_route=%2Fwp%2Fv2%2Fmedia&parent=8571"}],"curies":[{"name":"wp","href":"https:\/\/api.w.org\/{rel}","templated":true}]}}