{"id":10,"date":"2012-01-27T16:02:40","date_gmt":"2012-01-27T16:02:40","guid":{"rendered":"http:\/\/sp.jaworzyna.net\/?page_id=10"},"modified":"2016-10-10T07:46:43","modified_gmt":"2016-10-10T06:46:43","slug":"rada-rodzicow","status":"publish","type":"page","link":"http:\/\/sp.jaworzyna.net\/?page_id=10","title":{"rendered":"Rada Rodzic\u00f3w"},"content":{"rendered":"<p><strong>Sk\u0142ad Rady Rodzic\u00f3w Szko\u0142y Podstawowej w Jaworzynie \u015al. w roku szkolnym 2016\/2017:<\/strong><\/p>\n<p><em><strong>Przewodnicz\u0105ca<\/strong><\/em> &#8211;\u00a0Agnieszka Hajduk<\/p>\n<p>&nbsp;<\/p>\n<p><strong>Ponadto w sk\u0142ad Rady wchodz\u0105 nast\u0119puj\u0105ce osoby:<\/strong><\/p>\n<ul>\n<li>Magdalena Jacukiewicz<\/li>\n<li>Wioletta Bartosik<\/li>\n<li>Dajana Romaniecka<\/li>\n<li>Anna Szyma\u0144ska &#8211; Mak\u00f3wka<\/li>\n<li>Katarzyna Mazurek<\/li>\n<li>Joanna Wardach<\/li>\n<li>Rafa\u0142 Kwiatkowski<\/li>\n<li>Anetta Besser<\/li>\n<li>Monika Rzeszut<\/li>\n<li>Bogus\u0142awa Kubry\u0144ska<\/li>\n<li>Agnieszka Hajduk<\/li>\n<li>Ma\u0142gorzata Prymas<\/li>\n<li>Gabriela Ko\u0142odka<\/li>\n<li>Agnieszka Hajduk<\/li>\n<li>Jolanta \u0141anek<\/li>\n<li>Barbara Sowa<\/li>\n<\/ul>\n<p>Rada Rodzic\u00f3w na pierwszym zebraniu ustali\u0142a program dzia\u0142ania i sk\u0142adk\u0119 na swoj\u0105 dzia\u0142alno\u015b\u0107, kt\u00f3ra b\u0119dzie wynosi\u0107\u00a010\u00a0z\u0142. Zapozna\u0142a si\u0119 tak\u017ce z programami wychowawczym i profilaktycznym szko\u0142y i zaakceptowa\u0142a je do realizacji.<\/p>\n","protected":false},"excerpt":{"rendered":"<p>Sk\u0142ad Rady Rodzic\u00f3w Szko\u0142y Podstawowej w Jaworzynie \u015al. w roku szkolnym 2016\/2017: Przewodnicz\u0105ca &#8211;\u00a0Agnieszka Hajduk &nbsp; Ponadto w sk\u0142ad Rady wchodz\u0105 nast\u0119puj\u0105ce osoby: Magdalena Jacukiewicz Wioletta Bartosik Dajana Romaniecka Anna Szyma\u0144ska &#8211; Mak\u00f3wka Katarzyna Mazurek Joanna Wardach Rafa\u0142 Kwiatkowski Anetta Besser Monika Rzeszut Bogus\u0142awa Kubry\u0144ska Agnieszka Hajduk Ma\u0142gorzata Prymas Gabriela Ko\u0142odka Agnieszka Hajduk Jolanta \u0141anek [&hellip;]<\/p>\n","protected":false},"author":1,"featured_media":5,"parent":0,"menu_order":0,"comment_status":"closed","ping_status":"closed","template":"","meta":{"footnotes":""},"class_list":["post-10","page","type-page","status-publish","hentry","gallery-content-unit"],"_links":{"self":[{"href":"http:\/\/sp.jaworzyna.net\/index.php?rest_route=\/wp\/v2\/pages\/10","targetHints":{"allow":["GET"]}}],"collection":[{"href":"http:\/\/sp.jaworzyna.net\/index.php?rest_route=\/wp\/v2\/pages"}],"about":[{"href":"http:\/\/sp.jaworzyna.net\/index.php?rest_route=\/wp\/v2\/types\/page"}],"author":[{"embeddable":true,"href":"http:\/\/sp.jaworzyna.net\/index.php?rest_route=\/wp\/v2\/users\/1"}],"replies":[{"embeddable":true,"href":"http:\/\/sp.jaworzyna.net\/index.php?rest_route=%2Fwp%2Fv2%2Fcomments&post=10"}],"version-history":[{"count":10,"href":"http:\/\/sp.jaworzyna.net\/index.php?rest_route=\/wp\/v2\/pages\/10\/revisions"}],"predecessor-version":[{"id":8569,"href":"http:\/\/sp.jaworzyna.net\/index.php?rest_route=\/wp\/v2\/pages\/10\/revisions\/8569"}],"wp:featuredmedia":[{"embeddable":true,"href":"http:\/\/sp.jaworzyna.net\/index.php?rest_route=\/wp\/v2\/media\/5"}],"wp:attachment":[{"href":"http:\/\/sp.jaworzyna.net\/index.php?rest_route=%2Fwp%2Fv2%2Fmedia&parent=10"}],"curies":[{"name":"wp","href":"https:\/\/api.w.org\/{rel}","templated":true}]}}

Rada Rodziców

<p><strong>Skład Rady Rodziców Szkoły Podstawowej w Jaworzynie Śl. w roku szkolnym 2016/2017:</strong></p>
<p><em><strong>Przewodnicząca</strong></em> &#8211; Agnieszka Hajduk</p>
<p>&nbsp;</p>
<p><strong>Ponadto w skład Rady wchodzą następujące osoby:</strong></p>
<ul>
<li>Magdalena Jacukiewicz</li>
<li>Wioletta Bartosik</li>
<li>Dajana Romaniecka</li>
<li>Anna Szymańska &#8211; Makówka</li>
<li>Katarzyna Mazurek</li>
<li>Joanna Wardach</li>
<li>Rafał Kwiatkowski</li>
<li>Anetta Besser</li>
<li>Monika Rzeszut</li>
<li>Bogusława Kubryńska</li>
<li>Agnieszka Hajduk</li>
<li>Małgorzata Prymas</li>
<li>Gabriela Kołodka</li>
<li>Agnieszka Hajduk</li>
<li>Jolanta Łanek</li>
<li>Barbara Sowa</li>
</ul>
<p>Rada Rodziców na pierwszym zebraniu ustaliła program działania i składkę na swoją działalność, która będzie wynosić 10 zł. Zapoznała się także z programami wychowawczym i profilaktycznym szkoły i zaakceptowała je do realizacji.</p>

<p>Skład Rady Rodziców Szkoły Podstawowej w Jaworzynie Śl. w roku szkolnym 2016/2017: Przewodnicząca &#8211; Agnieszka Hajduk &nbsp; Ponadto w skład Rady wchodzą następujące osoby: Magdalena Jacukiewicz Wioletta Bartosik Dajana Romaniecka Anna Szymańska &#8211; Makówka Katarzyna Mazurek Joanna Wardach Rafał Kwiatkowski Anetta Besser Monika Rzeszut Bogusława Kubryńska Agnieszka Hajduk Małgorzata Prymas Gabriela Kołodka Agnieszka Hajduk Jolanta Łanek [&hellip;]</p>
